 is the units digit of 61546?
6
What is the units digit of 2072?
2
What is the hundreds digit of 106457?
4
What is the units digit of 67255?
5
What is the units digit of 3397?
7
What is the units digit of 43064?
4
What is the ten thousands digit of 16814?
1
What is the hundreds digit of 27003?
0
What is the units digit of 547?
7
What is the units digit of 350?
0
What is the hundreds digit of 1279?
2
What is the units digit of 3090?
0
What is the thousands digit of 1782?
1
What is the units digit of 13756?
6
What is the units digit of 11924?
4
What is the thousands digit of 32835?
2
What is the tens digit of 20232?
3
What is the units digit of 83?
3
What is the thousands digit of 1767?
1
What is the hundreds digit of 3282?
2
What is the thousands digit of 36157?
6
What is the units digit of 16819?
9
What is the units digit of 59443?
3
What is the thousands digit of 7817?
7
What is the thousands digit of 19374?
9
What is the thousands digit of 119743?
9
What is the thousands digit of 2022?
2
What is the thousands digit of 47268?
7
What is the units digit of 2535?
5
What is the units digit of 929?
9
What is the hundreds digit of 4119?
1
What is the thousands digit of 7318?
7
What is the units digit of 593?
3
What is the thousands digit of 200737?
0
What is the tens digit of 47137?
3
What is the tens digit of 680?
8
What is the tens digit of 1134?
3
What is the thousands digit of 127426?
7
What is the thousands digit of 4279?
4
What is the thousands digit of 1647?
1
What is the tens digit of 5168?
6
What is the units digit of 3244?
4
What is the units digit of 12956?
6
What is the thousands digit of 20876?
0
What is the hundreds digit of 6451?
4
What is the thousands digit of 117543?
7
What is the tens digit of 60?
6
What is the thousands digit of 1498?
1
What is the tens digit of 41482?
8
What is the hundreds digit of 12040?
0
What is the ten thousands digit of 139150?
3
What is the hundreds digit of 3733?
7
What is the hundreds digit of 26674?
6
What is the units digit of 2546?
6
What is the hundreds digit of 28018?
0
What is the units digit of 527?
7
What is the tens digit of 1789?
8
What is the thousands digit of 1320?
1
What is the hundreds digit of 44341?
3
What is the tens digit of 958?
5
What is the units digit of 7419?
9
What is the tens digit of 467?
6
What is the thousands digit of 4497?
4
What is the thousands digit of 123645?
3
What is the units digit of 52402?
2
What is the hundreds digit of 2152?
1
What is the tens digit of 338?
3
What is the tens digit of 1350?
5
What is the hundreds digit of 3385?
3
What is the tens digit of 587?
8
What is the units digit of 16860?
0
What is the ten thousands digit of 23203?
2
What is the units digit of 22229?
9
What is the hundreds digit of 802?
8
What is the thousands digit of 58689?
8
What is the hundreds digit of 61754?
7
What is the ten thousands digit of 95845?
9
What is the hundreds digit of 531?
5
What is the thousands digit of 64415?
4
What is the ten thousands digit of 20892?
2
What is the units digit of 707?
7
What is the hundreds digit of 453?
4
What is the units digit of 325?
5
What is the units digit of 19701?
1
What is the thousands digit of 10959?
0
What is the thousands digit of 24622?
4
What is the hundreds digit of 135?
1
What is the units digit of 1953?
3
What is the units digit of 25945?
5
What is the tens digit of 16215?
1
What is the thousands digit of 40709?
0
What is the units digit of 1065?
5
What is the hundreds digit of 29895?
8
What is the hundreds digit of 948?
9
What is the hundreds digit of 2314?
3
What is the tens digit of 15930?
3
What is the units digit of 7608?
8
What is the units digit of 740?
0
What is the tens digit of 2306?
0
What is the hundreds digit of 1850?
8
What is the thousands digit of 2707?
2
What is the tens digit of 88448?
4
What is the hundreds digit of 71210?
2
What is the tens digit of 4411?
1
What is the units digit of 7937?
7
What is the units digit of 182?
2
What is the hundreds digit of 7231?
2
What is the hundreds digit of 3357?
3
What is the thousands digit of 35906?
5
What is the tens digit of 222?
2
What is the ten thousands digit of 57460?
5
What is the tens digit of 626?
2
What is the hundreds digit of 2041?
0
What is the ten thousands digit of 35752?
3
What is the thousands digit of 2728?
2
What is the tens digit of 320?
2
What is the hundreds digit of 6512?
5
What is the ten thousands digit of 56559?
5
What is the thousands digit of 17713?
7
What is the thousands digit of 15366?
5
What is the tens digit of 17?
1
What is the ten thousands digit of 11671?
1
What is the tens digit of 8668?
6
What is the hundreds digit of 85011?
0
What is the thousands digit of 13592?
3
What is the tens digit of 40615?
1
What is the tens digit of 13552?
5
What is the thousands digit of 2639?
2
What is the units digit of 1456?
6
What is the ten thousands digit of 10338?
1
What is the thousands digit of 78338?
8
What is the hundreds digit of 28394?
3
What is the ten thousands digit of 22079?
2
What is the hundreds digit of 2787?
7
What is the units digit of 20567?
7
What is the thousands digit of 12167?
2
What is the tens digit of 2215?
1
What is the thousands digit of 3769?
3
What is the ten thousands digit of 37403?
3
What is the tens digit of 68569?
6
What is the hundreds digit of 4454?
4
What is the hundreds digit of 31944?
9
What is the units digit of 1630?
0
What is the tens digit of 22968?
6
What is the units digit of 782?
2
What is the thousands digit of 80052?
0
What is the tens digit of 80812?
1
What is the hundreds digit of 35237?
2
What is the hundreds digit of 1458?
4
What is the thousands digit of 139619?
9
What is the thousands digit of 85668?
5
What is the hundreds digit of 1851?
8
What is the units digit of 875?
5
What is the tens digit of 6270?
7
What is the tens digit of 499?
9
What is the hundreds digit of 18930?
9
What is the hundreds digit of 836?
8
What is the units digit of 5504?
4
What is the hundreds digit of 7366?
3
What is the hundreds digit of 226?
2
What is the tens digit of 1641?
4
What is the hundreds digit of 437?
4
What is the hundreds digit of 1696?
6
What is the thousands digit of 11753?
1
What is the tens digit of 8764?
6
What is the ten thousands digit of 30265?
3
What is the thousands digit of 1811?
1
What is the tens digit of 12935?
3
What is the hundreds digit of 1747?
7
What is the hundreds digit of 1317?
3
What is the ten thousands digit of 74220?
7
What is the hundreds digit of 921?
9
What is the tens digit of 1160?
6
What is the units digit of 149?
9
What is the ten thousands digit of 48736?
4
What is the ten thousands digit of 13766?
1
What is the units digit of 2577?
7
What is the hundreds digit of 735?
7
What is the hundreds digit of 8271?
2
What is the hundreds digit of 3806?
8
What is the hundreds digit of 13698?
6
What is the thousands digit of 4795?
4
What is the tens digit of 2535?
3
What is the units digit of 77435?
5
What is the tens digit of 2693?
9
What is the hundreds digit of 46800?
8
What is the units digit of 28?
8
What is the ten thousands digit of 19168?
1
What is the ten thousands digit of 28118?
2
What is the units digit of 9510?
0
What is the hundreds digit of 14385?
3
What is the units digit of 2236?
6
What is the ten thousands digit of 20579?
2
What is the tens digit of 17902?
0
What is the units digit of 2250?
0
What is the hundreds digit of 1847?
8
What is the thousands digit of 2149?
2
What is the thousands digit of 1811?
1
What is the units digit of 38195?
5
What is the ten thousands digit of 23731?
2
What is the ten thousands digit of 41538?
4
What is the units digit of 98?
8
What is the tens digit of 1071?
7
What is the units digit of 59401?
1
What is the units digit of 14177?
7
What is the tens digit of 1518?
1
What is the units digit of 37460?
0
What is the units digit of 47?
7
What is the thousands digit of 28679?
8
What is the tens digit of 33058?
5
What is the hundreds digit of 27193?
1
What is the thousands digit of 2376?
2
What is the thousands digit of 43478?
3
What is the tens digit of 4167?
6
What is the hundreds digit of 448?
4
What is the tens digit of 475?
7
What is the tens digit of 360?
6
What is the hundreds digit of 28471?
4
What is the units digit of 1337?
7
W